+ 353, b = -j + 3*c + 20 + 57. What are the prime factors of j?
71
Suppose -16*z = -123 + 1019. Suppose -b = -54 - 6. Let n = b + z. What are the prime factors of n?
2
Let z(w) = 71*w**2 - 59*w + 422. What are the prime factors of z(8)?
2, 3, 7, 107
Let p(b) = -316*b + 2261. List the prime factors of p(-41).
15217
Let q = 1265 + 19741. List the prime factors of q.
2, 3, 389
Let s = -269 - -279. Suppose s*v + 428 = 12*v. What are the prime factors of v?
2, 107
Let o be 115/2*(-1456)/(-140). Suppose -4*r - 5*f = -1136, -3*f - 227 = -3*r + o. List the prime factors of r.
3, 31
Let n(z) = -z**2 + 6*z - 3. Let p be n(7). Suppose -5*q - 3*t = -7 - 1, -5*t - 20 = 0. List the prime factors of q/p - (-4608)/120.
2, 19
Let k(b) = -9*b + 183. Let v be k(20). Suppose -2*z = -q + 129, 4*q - v*z = 7*q - 351. What are the prime factors of q?
11
Let v(z) = 14*z + 14. Let w(f) = f**2 + 3*f - 3. Let s be w(2). Let b be v(s). Let l = b + -42. List the prime factors of l.
2, 5, 7
Suppose -4*w = -w - 1005. Suppose -h = 2*v + 4*h - w, 5*v + h = 826. List the prime factors of v.
3, 5, 11
Let r(p) = -107*p + 49. List the prime factors of r(-3).
2, 5, 37
Suppose -9*q - 1120 = 365. Let f = q - -901. What are the prime factors of f?
2, 23
Let i(r) = 39*r**2 - 4*r - 9. Let j be i(-4). Let z = 927 - j. List the prime factors of z.
2, 37
Suppose h + 0*h = -2*n + 1026, 5*n + 4117 = 4*h. Let m = -362 + h. List the prime factors of (-18)/(-42) + m/14.
2, 3
Let j(c) = c**2 - 13*c + 42. Let n be j(11). Let w(m) = m**2 + 25*m - 54. List the prime factors of w(n).
2, 3, 47
Suppose -1691093 - 27467 = -32*t. What are the prime factors of t?
5, 23, 467
Suppose 0 = 51*f - 38*f + 949. Let s = f + 2190. What are the prime factors of s?
29, 73
Suppose -2*x + 16 = 2*k, 4*x - 17 = -0*x - k. Suppose 0 = x*z + 5*z - 640. Let r = z + -5. What are the prime factors of r?
3, 5
Let v(t) = 1480*t**2 - 597*t - 10. What are the prime factors of v(8)?
2, 3, 13, 1153
Let u be 98/4*(1 + (-12)/4). Let s = 243 + u. List the prime factors of s.
2, 97
Let w = -1921 - -1949. What are the prime factors of w?
2, 7
Let x be -113 - 9/(54/(-30)). Let v = 519 + x. List the prime factors of v.
3, 137
Let b(z) = z**3 + 66*z**2 + 133*z - 42. Let i be b(-56). List the prime factors of i/22 - ((-1 - -3) + -2).
5, 7, 31
Let g(z) = 16*z**2 + 11*z**2 + 4*z - 6*z**3 + 1 - 23*z**2. Let m be g(-1). Suppose -323 = -m*v + 132. List the prime factors of v.
5, 13
Suppose -287*v + 15 = -284*v. Suppose -4 + 50 = v*f - 2*s, -s + 52 = 5*f. List the prime factors of f.
2, 5
Suppose l = -4*c + 2161, -2*c + 1331 - 249 = 2*l. Let z = c - 321. What are the prime factors of z?
3, 73
Suppose 2848 = -2*m + 3*a, -3*a + 292 = m + 1707. Let y = -720 - m. List the prime factors of y.
701
Let o(d) be the third derivative of -5*d**4/8 + 161*d**3/6 - 85*d**2. List the prime factors of o(-5).
2, 59
Suppose -52 = -7*a - 17. Suppose -w + 4*r = 4*w - 12, -r = a*w - 22. Let n(t) = 10*t + 16. List the prime factors of n(w).
2, 7
Let a(w) be the first derivative of 8/3*w**3 + 16 + 4*w**2 + 1/4*w**4 + w. What are the prime factors of a(-5)?
2, 3
Let k(h) = -1064*h**3 + h + 1. Let p be k(-1). Suppose -7*s + 31 - 3 = 0. Suppose p = 4*t + s*t. List the prime factors of t.
7, 19
What are the prime factors of (49 + -9 + 17)*210/9?
2, 5, 7, 19
Let n be (-60 + 103)*(15 - 0)*1. Suppose -5*w + 1316 = 2*h, -10*h = -9*h - 4*w - n. List the prime factors of h.
653
Let k(l) = 605*l**2 - 11*l + 11. Suppose 12*n - 20*n + 8 = 0. What are the prime factors of k(n)?
5, 11
Let s = -72 + 70. Let d be (-84 - 6) + s + 6. What are the prime factors of 5 - 1/1 - (d + 18)?
2, 3
Suppose s - 4*f = -66, -s + 5*f = -5*s - 348. Let h = 219 - s. What are the prime factors of h?
7, 43
Let u(f) = 2*f**3 - 7*f**2 + 13*f + 2. Let k(a) = -a**3 - 24*a**2 + 24*a - 18. Let o be k(-25). What are the prime factors of u(o)?
2, 109
Suppose 3*m - r = 0, -m = m + 4*r. Suppose 27*z - 5830 - 1730 = m. What are the prime factors of z?
2, 5, 7
Let p = 248011 + -161477. List the prime factors of p.
2, 7, 883
Let z = -12017 - -17161. What are the prime factors of z?
2, 643
Suppose -31 = 12*h + 113. List the prime factors of (h/(-30))/(3/3030).
2, 101
Let y(p) = p**2 + 4*p + 3. Let i be y(-4). Suppose i*k + 2240 = 13*k. List the prime factors of k.
2, 7
Let o(h) = -3640*h - 351. What are the prime factors of o(-7)?
13, 1933
Suppose 0 = 11*m + 9*m - 40. List the prime factors of 174408/585 - m/15.
2, 149
Suppose -2337 - 3643 = -5*n. Let t = 2302 - n. List the prime factors of t.
2, 7, 79
Let x be (-2)/(4 - 2)*(30 + -180). List the prime factors of (x/(-35))/((-2)/(336 + 0)).
2, 3, 5
Let m(f) = -3*f**2 - 18*f + 38. Let h be m(-15). Let l = h - -598. What are the prime factors of l?
3, 7, 11
Suppose -1 = -3*j + 71. Let o be j/5 - (-1)/5. Suppose -o*a - 305 = -5*q, -q + 178 = 2*q - 4*a. List the prime factors of q.
2, 3, 11
Let i = 877 - 625. Suppose -2*l + i = -3*c - 1625, 5*c - 2806 = -3*l. What are the prime factors of l?
937
Suppose -5*t - 538 = -3068. Let f = 897 - t. What are the prime factors of f?
17, 23
What are the prime factors of ((-48)/72)/((-1)/72723)?
2, 7, 3463
Let x(a) = 97*a**2 + 2*a + 20. Suppose 2*b - 3 = -0*c - c, -4*b = 5*c - 15. What are the prime factors of x(c)?
29, 31
Let o be (665/2)/7*-4. Let p = -83 - o. What are the prime factors of p?
107
Let j = -10624 - -10786. List the prime factors of j.
2, 3
Suppose -4*d = -81*m + 78*m + 71785, -95696 = -4*m + d. What are the prime factors of m?
47, 509
What are the prime factors of (101428 + 0)/(570/285)?
2, 25357
Let n(z) be the second derivative of 0 - 5/6*z**4 + 15/2*z**2 - z + 1/20*z**5 - 4/3*z**3. List the prime factors of n(11).
2, 3
Suppose -5*t + 80 = -t. Suppose 2*h - t = -3*h. Suppose h*r = 71 + 41. What are the prime factors of r?
2, 7
Let b be ((-14331)/(-6) - 5) + 9/6. Suppose -6*s - 1795 = -3*v - 4*s, 4*v - s - b = 0. What are the prime factors of v?
5, 7, 17
Let k(r) = 197*r**2 - r + 3. Let t be k(-2). Let o = t - 403. What are the prime factors of o?
2, 3, 5, 13
Let n = 59221 + -36620. List the prime factors of n.
97, 233
Suppose 30256 = 2*i + 4*d, 10*i + 75670 = 15*i + 4*d. List the prime factors of i.
2, 3, 29
Let x(m) = -5*m**2 - 3*m - 6. Let b(c) = -5*c**2 - 4*c - 7. Let h(w) = 5*b(w) - 6*x(w). Let l be h(-4). Let s = -31 + l. List the prime factors of s.
2, 29
Suppose 236*s - 221284 = 187*s. List the prime factors of s.
2, 1129
Let t = -941 + 2495. List the prime factors of t.
2, 3, 7, 37
Suppose 6*f = 27*f + 33905 - 101000. List the prime factors of f.
3, 5, 71
Suppose 7*r + 15 = 2*r, 3*t - 5*r - 27429 = 0. List the prime factors of t.
2, 3, 1523
Let i = 371 - 363. Suppose -3*z - 1905 = -2*j, 0 = -2*j - i*z + 10*z + 1908. What are the prime factors of j?
3, 11, 29
Suppose -2*q - 3*q - 3*m + 718 = 0, -2*m = 3*q - 430. Let a = q + 5. List the prime factors of a.
151
Suppose -5*d + 4*v + 316 = -d, 0 = -5*v + 25. Let i = d + -35. Suppose -2*p + 6*x - 3*x = -i, -2*p + 47 = -x. What are the prime factors of p?
23
Let r = 3695 + 7533. What are the prime factors of r?
2, 7, 401
Suppose 15*k = -k - 192. List the prime factors of -12*4/k*43.
2, 43
Suppose 132*z - 130*z = 18. Let t(k) = 2*k**3 - z + 10*k**3 + 0*k**3 - 4*k**2 + 7*k + 0*k**3. What are the prime factors of t(2)?
5, 17
What are the prime factors of -19 + 4343*(18 + -13)?
2, 3, 113
Suppose 157 = 11*t - 217. Suppose -23*i - 9295 = -t*i. List the prime factors of i.
5, 13
Let w = 5247 + -724. Suppose 5*y - 2*r = 4507, 4*y + y - w = -2*r. What are the prime factors of y?
3, 7, 43
Let m(o) = -8*o - 173. Let u be m(-26). Let f(l) = -l**3 + 10*l**2 - 9*l. Let t be f(7). Let v = t - u. List the prime factors of v.
7
Suppose -170443 = -3*o - 10*o - 39013. What are the prime factors of o?
2, 3, 5, 337
Let h be 0/(-3) - (2 - -71). Let v = h - -64. List the prime factors of 12/54 + (-349)/v.
3, 13
Let z(c) = -3*c**2 - 104*c + 83. Let w be z(-35). Suppose -1 = -y, k = 3*y + w + 51. What are the prime factors of k?
2, 3, 17
Let o(s) = 5957*s + 307. List the prime factors of o(3).
2, 61, 149
Suppose 2*m + j = -4*j + 74, m - 5*j - 37 = 0. Let t = -33 + m. Suppose -2*i = t*i - 192. List the prime factors of i.
2
Suppose -10 = 2*j - 7*j. Let v be 67/(j/(-8) + 21/28). Suppose 3